divisor of 63 and y.
9
Let z(n) = -n**3 + n**2 + 339. Let a be z(0). Let o be a/6 - (-3)/(-6). Calculate the highest common divisor of o and 8.
8
Let c be (-14 + -2 - -3)*-1. What is the highest common factor of c and 91?
13
Let v be (-2)/8 - 4383/36. Let w = 213 + v. What is the highest common factor of 13 and w?
13
Suppose 0 = -3*p - 2*p + 2*i + 40, 0 = -p - i + 1. Let j(h) = h - 3. Let a be j(p). What is the highest common factor of a and 21?
3
Let k be 180/9 - (-3 + 2). What is the greatest common divisor of k and 12?
3
Suppose 1 = -3*u + 103. What is the highest common divisor of u and 68?
34
Let o = -7 - -12. Suppose 7*g - 85 = 2*g + o*s, g = -5*s - 13. What is the highest common factor of g and 30?
6
Suppose 15 = j - 2*g, -4*j + 3*j - 2*g = 5. Suppose 3*b = j + 4. Suppose 48 = 4*h - 4*s, 5*s + 31 = -b*h + 83. Calculate the greatest common factor of h and 35.
7
Let q = 37 + 5. Calculate the highest common factor of 6 and q.
6
Let f be (-2922)/(-14) + 8/28. Calculate the highest common factor of 19 and f.
19
Let c be (1 + (-75)/(-12))*-4. Let u = 44 + c. Let v(o) = o**2 + 45. Let z be v(0). What is the greatest common divisor of z and u?
15
Let n(m) = m - 7. Let q be n(10). Let h be (-6)/((-21)/(-9) - q). Let y = -9 + 90. What is the greatest common divisor of h and y?
9
Suppose -w + 3*w = 20. Calculate the highest common divisor of w and 70.
10
Suppose 5*o - i - 115 = 10, 93 = 3*o + 3*i. Let s(j) = 4*j**2 + j. Let k be s(3). What is the highest common divisor of k and o?
13
Suppose 7*u + 10 = 8*u. Calculate the greatest common factor of 10 and u.
10
Suppose c - 14 - 86 = 0. Suppose 5*b = -5*a + c, -3*a + 76 = 3*b - 8*a. Calculate the greatest common divisor of b and 11.
11
Suppose -2*z + 14 = -0*z. Let j be 106/4 + (-9)/(-6). Suppose -4*g + j = -28. Calculate the highest common divisor of z and g.
7
Let p = -3 + 3. Let a be p/(-1 + 0) - -2. Suppose -a*w - 8 = -4*w. What is the greatest common divisor of w and 6?
2
Let w = -1 + -2. Let l be 2/(-6) - 868/w. Suppose 0 = 5*y - 31 - l. Calculate the greatest common divisor of 8 and y.
8
Suppose -2*g + 6*z + 24 = 3*z, -42 = -5*g + 3*z. Let q be (-45)/6*(-32)/g. Let w be (2 + 0 + -12)/(-1). What is the greatest common divisor of q and w?
10
Suppose -3*c + 160 = 5*r, 6*c - c - 205 = 4*r. What is the highest common divisor of 5 and c?
5
Let a(c) = c**3 + 13*c**2 - 2*c - 4. Let z be a(-13). What is the greatest common divisor of z and 154?
22
Let w(m) = -m**3 - 13*m**2 - 15*m - 4. Let o be w(-12). Calculate the highest common divisor of o and 8.
8
Suppose 171 = k + 2*k. Calculate the greatest common factor of k and 285.
57
Let p be 43 + (7 + -4 - 2). What is the highest common divisor of 110 and p?
22
Let c be ((1 - 1) + -1)*(-12 - -10). Calculate the highest common factor of c and 2.
2
Suppose -100 = -4*s - 6*s. Let t be ((-3)/(-6))/((-1)/(-40)). What is the highest common factor of s and t?
10
Suppose 0*x = 5*x + 25. Let n = x - -13. Calculate the greatest common factor of n and 4.
4
Let i be 20/(-15)*-3*5. Let u be 4/i + (-74)/(-5). What is the greatest common factor of u and 10?
5
Let d be 63*(10/(-6) - 1 - -3). Let m be ((-4)/5)/((-4)/70). Calculate the greatest common divisor of d and m.
7
Suppose 3*s - 43 = -1. Suppose -c - 14 = -a + c, -a = 2*c - s. Let l = 0 + a. Calculate the greatest common divisor of 2 and l.
2
Let c be 18*((-10)/(-4) - 2). Let q = 79 + c. What is the greatest common divisor of 8 and q?
8
Suppose -5*p = -9*p + 36. Calculate the greatest common divisor of 72 and p.
9
Let t be -1 - 4/(-5)*(4 + 61). What is the greatest common divisor of 85 and t?
17
Suppose 3*v = -3*d + v + 134, -4*d + 212 = -4*v. What is the highest common divisor of d and 6?
6
Suppose -5*w - 10 = -65. Calculate the greatest common divisor of w and 77.
11
Let u be 18/(-15)*(4 - -1). Suppose 3*a = -a - 12. Let c be (u/4)/(a/6). What is the highest common divisor of 15 and c?
3
Suppose -13 + 3 = -5*k. Calculate the greatest common divisor of k and 2.
2
Suppose -3*h + 1 + 35 = -3*b, 5*h - 88 = -2*b. What is the greatest common factor of h and 2?
2
Let o = 6 - 3. Suppose -3*l = r + 5, 0*r + 15 = 2*l - o*r. Let q be l*(-3)/(-6) + 5. What is the greatest common divisor of 20 and q?
5
Suppose -a + 2*y = -y + 3, 5*y - 22 = -4*a. Let o be (a + -4)/(2/(-6)). Suppose 0 + o = 3*r. Calculate the highest common divisor of 2 and r.
1
Let m(h) = -2*h**2 - 5*h - 1. Let g be m(-4). Let c = g + 21. Let o = 55 + -15. Calculate the highest common divisor of o and c.
8
Suppose -p + 1 = -18. Suppose 4*g = 1 + p. Let a = 17 - 12. What is the highest common factor of g and a?
5
Suppose 2*b = b + 285. Let q be b/9 - 2/3. Suppose -q - 16 = -5*z - 2*j, 0 = z + 3*j + 1. What is the highest common divisor of z and 1?
1
Let q(l) = l**3 - 2*l**2 - 6*l + 6. Let u be q(0). Suppose 2*b - b + 3*y = 27, 0 = 5*b - 4*y - 40. Calculate the highest common factor of b and u.
6
Let c be -1 - 5/(15/(-138)). What is the highest common factor of 18 and c?
9
Let u(c) = 3*c**2 + 8 - 1 - 2*c**2 - 5*c. Let j(o) = o**3 - 15*o**2 + 15*o - 8. Let i be j(14). Let m be u(i). What is the greatest common factor of 143 and m?
13
Let b(i) = -i**3 - 4*i**2 - 4*i + 3. Let h be b(-4). Let w = 7 - 10. Let a be 79 + w*(4 - 3). Calculate the greatest common divisor of a and h.
19
Let s be 93/13 + (-16)/104. Let p be (-176)/(-7) - 1/s. Calculate the greatest common factor of 200 and p.
25
Let z(r) = 2*r**2 - 6*r - 6. Let j be z(5). What is the highest common factor of 126 and j?
14
Let h = 27 + -43. Let z be 3 - 160/12*-3. Let v = z + h. What is the highest common factor of v and 3?
3
Suppose v + 241 = 5*x, -2*x + 2*v = -43 - 47. Let q be 92/12 + 1/3. Let k = -1 + q. What is the highest common factor of k and x?
7
Let s = 147 + -95. What is the highest common divisor of s and 13?
13
Suppose 5*b - 1058 = -183. What is the greatest common factor of b and 25?
25
Let p(g) = -95*g - 29. Let f be p(-4). What is the highest common divisor of 39 and f?
39
Suppose -4*q + 5*b + 6 = 0, -5*q + 5*b + 4 = -1. Let n be (1/2)/(q/(-10)). Calculate the greatest common divisor of n and 45.
5
Let n be -66*(32/(-6) + 5). Calculate the greatest common factor of 2 and n.
2
Let f(w) = 11*w + 6. Let l be f(6). Calculate the greatest common divisor of 9 and l.
9
Let a(i) = i**2 - 3*i + 1. Suppose 6 = -f + 2*j, -5*j + 2*j + 24 = -4*f. Let h be a(f). Suppose r - 22 = -0*r. Calculate the highest common factor of r and h.
11
Let t(w) = -2*w**2 + 37*w + 39. Let o be t(19). What is the highest common divisor of o and 160?
20
Suppose -3*u = -f - 16, u + u - 9 = -f. Suppose -4*h + u*h - 14 = 0. Calculate the greatest common factor of h and 70.
14
Let d be 236/16 - 1/(-4). Let y be 2/(-2) + 4 + 0 + 87. Calculate the greatest common factor of d and y.
15
Let s(y) = 39*y**2 + 2*y - 1. Let l be 158/(-18) - (-12)/(-54). Let g be 2/(-6) - 12/l. Let x be s(g). Calculate the greatest common divisor of 5 and x.
5
Let i = -136 - -200. Let m(b) = -b**2 - 11*b - 10. Let x be m(-9). Calculate the greatest common factor of i and x.
8
Suppose 0*z - 6 = -4*l - 3*z, 4*z + 23 = 5*l. Calculate the greatest common divisor of 2 and l.
1
Let m(x) = x - 5. Let g be m(15). Calculate the highest common divisor of 15 and g.
5
Suppose -5*z + 4*z = -165. Calculate the greatest common factor of 33 and z.
33
Let o = -92 + 134. Suppose -g + 4*g = o. Calculate the greatest common divisor of 42 and g.
14
Let u be (1*4 - 136/4)/(-2). Calculate the highest common divisor of 15 and u.
15
Let k be (-4)/(-6) - 14/21. Suppose x + 161 = 5*g, k*g + 4*g - 5*x = 133. Calculate the greatest common factor of g and 8.
8
Suppose 0 = 5*g - o - 32, 11*g - 8*g - 3*o = 24. Calculate the highest common divisor of g and 96.
6
Suppose -4*w - 17 - 99 = -3*x, -2*x + 44 = 4*w. What is the greatest common divisor of x and 80?
16
Let i be (0 - (-5)/(-10))/(1/(-10)). What is the highest common factor of 5 and i?
5
Let q(l) = -l**3 - 8*l**2 + 7*l - 8. Let t be q(-9). Suppose -4*r = -484 + 124. Calculate the greatest common divisor of r and t.
10
Let x(v) = -v**3 + 12*v**2 + 2*v + 11. Let o be x(12). Suppose 0*z + 4*z - 184 = 0. Suppose -5*k = -24 - z. What is the highest common divisor of o and k?
7
Suppose 5*w - 3*w - 4 = 0. Let k(a) = -a + 1. Let q be k(